f -43*f**2 - 144*f + 42. List the prime factors of n(-4).
2, 5
Suppose 2*a + 5 - 9 = 0, 5*c = -3*a + 1766. Suppose -4*o = -20, c = d - 3*o - 219. What are the prime factors of d?
2, 293
Let o = 17979 - 12198. List the prime factors of o.
3, 41, 47
Let z be (-52)/3*3/(-2). Let g = -29 + z. What are the prime factors of g/5 - 7/((-35)/613)?
2, 61
Suppose -j + 4*j - 225 = 0. Let s = j - 54. Suppose -2*d - 1 = -5*u - s, -u + 64 = 3*d. What are the prime factors of d?
2, 5
Let z(w) = -3*w**3 - 6*w**2 + w + 2. Let h be z(-2). Suppose h = -5*n - 20 + 160. What are the prime factors of n?
2, 7
Let j(x) = x - 49 - 41 + 102 + 4*x - x. Suppose 2*u = -0*u + 14. List the prime factors of j(u).
2, 5
Let c = 21412 + 28551. What are the prime factors of c?
17, 2939
Let m(s) = -s**3 + 10*s**2 + 27*s - 12. Let q be m(12). Suppose 2*u + q = 10*u. What are the prime factors of (10/(-3)*-18)/(u/3)?
2, 3, 5
Suppose 4*i = -4*b + 16, 0 = 3*i - b + 10 - 6. Suppose -2*h = 3*m - 686, 1155 = 5*m - i*m + h. What are the prime factors of m?
2, 29
Let d(a) = 586*a**2 + 10*a + 14. Let k(f) = -293*f**2 - 5*f - 6. Let l(z) = -6*d(z) - 13*k(z). List the prime factors of l(1).
2, 73
Let k(m) = -3*m**2 + 70*m - 4. Let j be k(23). Suppose -23*z + 3*a + 6074 = -j*z, z = -a + 1515. List the prime factors of z.
37, 41
Let o = -294 - -298. Suppose 2*f - 3*s = 1122, -5*s = o*f - 7*f + 1685. List the prime factors of f.
3, 5, 37
Let b(s) = 3*s**3 + 25*s**2 + 3 - 26*s + 35*s - 43*s**2. List the prime factors of b(7).
3, 71
Let l = -231 + 264. Let v = 453 + l. List the prime factors of v.
2, 3
Let p = -29879 - -71314. List the prime factors of p.
5, 8287
Let j(x) = 12*x - 13. Let f(g) = -37*g + 41. Let z(n) = 2*f(n) + 7*j(n). Let o be z(1). What are the prime factors of o/((-2)/560*30/(-12))?
2, 7
What are the prime factors of (-192)/40 - 3/15 - -5456?
3, 23, 79
Let s(l) = 42*l**2 + 4*l - 1. Let h be s(-3). Suppose 18472 - 2985 + 39113 = 130*c. Suppose -h = -5*k + c. What are the prime factors of k?
157
Suppose -176560 = -169*t + 152652. List the prime factors of t.
2, 487
Let b = -13343 - -37588. What are the prime factors of b?
5, 13, 373
Let o(f) = -62*f. Let h(d) = d**3 - 3*d**2 + 6*d - 6. Let s be h(4). Let p = -35 + s. What are the prime factors of o(p)?
2, 31
Let l be (3 + 1)/12*9. Suppose 2*y = -2*t - l*t + 247, 0 = -5*t + 3*y + 267. What are the prime factors of t?
3, 17
What are the prime factors of -9 + (-245)/(-28) - 112298/(-8)?
3, 4679
Let z = 24356 + -15078. List the prime factors of z.
2, 4639
Let g = -64 - -69. Suppose -35 = -3*u - g*p, 3*p + 12 = 5*u - 1. Suppose -5*z = -4*z + u*f - 165, 3*f + 15 = 0. List the prime factors of z.
2, 5, 19
Let l be (-425)/(-170) - (-39)/2. Suppose 16320 = l*z + 12*z. List the prime factors of z.
2, 3, 5
Let b(w) = 560*w + 190. Let i be b(6). Suppose -i = -4*q - 3*k, 4*k - 2847 - 1590 = -5*q. List the prime factors of q.
7, 127
Suppose -23 = -5*s - 2*l, -2*l = 5*s + 2*l - 21. What are the prime factors of (12/s)/(4 + 1895/(-475))?
2, 3, 19
Let z(x) = 20*x**2 + 1. Let w be z(1). Let u(l) = 2*l**3 + 7*l**2 + 11*l + 22. Let g be u(-3). What are the prime factors of 20/(-35) + g + 1083/w?
7
Let b = 333 + -164. Let v = b + -75. What are the prime factors of v?
2, 47
Suppose -2*c - 5*c + 14 = 0. Suppose -c*d + 4*d = -5*a + 204, -8 = 4*a. Let b = d - 31. List the prime factors of b.
2, 19
Suppose 0 = 2*b + 3*a + 67, 4*b + 69 = -4*a - 59. Let k = b - -225. List the prime factors of k.
2, 7
Let l(y) = -29 + 4*y - 318*y**2 - 305*y**2 + y**3 + 636*y**2. List the prime factors of l(-10).
3, 7, 11
Let b(v) = -v + 11. Let m be b(5). Suppose 0 = -2*t + 14 - m. Suppose -h + 3*o + 6 = 0, -2*h + 2*o = -t*h + 12. What are the prime factors of h?
2, 3
Suppose -32 = -2*p - 3*o, 8*p + o - 74 = 4*p. Suppose 295 = p*s - 161. List the prime factors of s.
2, 3
Suppose 3*m = 15, 0*h - 3*h - 59 = -m. List the prime factors of (-3 - (-3634)/6)/(h/(-27)).
2, 113
What are the prime factors of -36 - -11 - -8141 - (-3 - (-1 + 0))?
2, 3, 11, 41
Let m(t) = -3*t**3 - 12 - 1098*t**2 + 1092*t**2 + 4*t**3 + 2*t. What are the prime factors of m(11)?
3, 5, 41
Let b be (-44)/(-9) - 1 - (-1)/9. Suppose j = -b*k + 1047, -3*k = 4*j + 27 - 796. List the prime factors of k.
263
Let t(m) = 61*m + 305. Let a be t(-5). Suppose -848 = 4*x - 2*k - 7020, -x - k + 1543 = a. List the prime factors of x.
1543
Suppose 202 + 326 = 8*y. Suppose 0 = 6*r - 3*r + y. Let l(s) = -s**2 - 27*s - 21. List the prime factors of l(r).
89
Suppose w = 3*w - 4. Suppose 7*y - 735 = -0*y. Suppose 5*l = w*o - y - 45, -5*o - 5*l = -445. What are the prime factors of o?
5, 17
List the prime factors of (4 - -7) + -19 - -971.
3, 107
Let b(l) = -l + 3. Let a be b(-9). Suppose -a*d + 10*d - 14 = 0. Let f(n) = -6*n + 23. What are the prime factors of f(d)?
5, 13
Let j(s) = 7*s**2 + 86*s + 15. Let z be j(-12). Suppose -5 = -2*b + 1. List the prime factors of 3/z - (-22)/b.
7
Let k(o) = -39 + 11*o - 19*o - 12*o. Let f be k(-6). What are the prime factors of -3 + 2 + f + -3?
7, 11
Let v = 1006 + -697. Let c = 585 - v. List the prime factors of c.
2, 3, 23
Suppose -4*d = 2*n - 58, 3*d - 2*n - 2*n = 71. Suppose -d*b + 5663 = -2599. List the prime factors of b.
2, 3
Suppose 16117 - 47677 - 53670 = -9*c. What are the prime factors of c?
2, 5, 947
Suppose 38*f - 36*f - 3*n - 2206 = 0, -2*f = 4*n - 2220. List the prime factors of f.
2, 7, 79
Let i be (((-780)/20)/(-78))/(1/4 + 0). Let n = 3 - 3. Suppose -5*c = i*k - 409 - 32, -2*c + 10 = n. What are the prime factors of k?
2, 13
Let c = -702 - -444. Let v = c - -545. Suppose 2*j = 5*j - 2*w - v, 0 = -4*j + 5*w + 378. List the prime factors of j.
97
Let n(b) = -b + 12. Let y(k) = 12. Let f(d) = 3*n(d) - 2*y(d). Let t be f(7). Let i(u) = -u**2 - 20*u - 2. List the prime factors of i(t).
97
Let h(r) = -r**2 - 492*r**3 - 1 - 153*r**3 + 2. Let s be h(-1). Suppose 5*g + s = 5*o - 0*g, g - 657 = -5*o. List the prime factors of o.
131
Suppose -3*a = 3*b - 3136 - 2447, -7436 = -4*b - 5*a. List the prime factors of b.
3, 7, 89
Let u = -91 + 101. Let v(i) = u*i + 4 + i - 4*i. List the prime factors of v(4).
2
Let j = -33846 + 36823. List the prime factors of j.
13, 229
Let g = 77761 - 49428. List the prime factors of g.
29, 977
Let k(f) = -6448*f - 1454. List the prime factors of k(-6).
2, 18617
Let x(f) be the first derivative of 2*f**3/3 + f**2 - f + 4. Let n be x(1). Suppose -n*u + 2*j + 111 + 88 = 0, 63 = u - 4*j. List the prime factors of u.
67
Let t(s) = -451*s - 305. What are the prime factors of t(-16)?
6911
Let y(f) = -f**3 + 13*f**2 - 4*f + 15. Let v be y(12). Let z = v - 57. Let o = 9 + z. List the prime factors of o.
3, 7
Let y(f) = -117*f + 75. Let v be y(-15). Suppose -5*d = 4*n - 3660, -7*n + v = -5*n - 5*d. What are the prime factors of n?
3, 5, 61
Suppose -3*r = -2*v + 21, 7*v + 3 = 3*v - 3*r. Suppose -v*z - 3*k + 782 = -8*z, k = -1. Let j = -48 - z. What are the prime factors of j?
109
Let c(w) = 42*w**3 - 2*w**2 + 149*w - 44. List the prime factors of c(7).
15307
Suppose 0 = 2*w + 20 - 26. Let a(x) = 2*x**3 + 24*x**2 + 3*x + 0*x**w - 11 - 16 - 10*x. List the prime factors of a(-12).
3, 19
Let w(i) = -125 + 119 - 4*i - i. Let s be w(-2). Suppose s*r = r + 276. What are the prime factors of r?
2, 23
Let r(x) = -2*x**2 + 5*x + 4. Let s(u) = u - 1. Let v(g) = -r(g) + 3*s(g). Let b be v(-2). Suppose -3*p - 68 = -b*p. What are the prime factors of p?
2, 17
Suppose 4*b + 3*a - 6 = -3, b + 4*a = 4. Suppose -5*k + 5*y + 1090 = b, -170 = -k + 5*y + 52. What are the prime factors of k?
7, 31
Suppose 2*w - 1 = 3. Suppose -3*i + 3*s = -362 + 335, 3*i - 4*s = 33. Suppose w*n = -i*l + n + 223, 5*l - n = 377. What are the prime factors of l?
3, 5
Let i(r) = -r**2 + 6*r + 18. Let b be i(8). Suppose -3*z = b*t - 16, 3*z + 5*t = 20 + 11. Suppose 0 = z*q - 35 - 133. What are the prime factors of q?
2, 3, 7
Suppose -3*d + 2*z + 846 = -0*z, -2*d + 5*z + 564 = 0. Suppose -776 = -13*u - d. Suppose 0*s = s - u. What are the prime factors of s?
2, 19
Let d(z) = 83*z + 74. Let p be d(6). Suppose -p = -13*o + 4849. List the prime factors of o.
3, 139
Suppose 6*f + 0*f - 12 = 0. List the prime factors of f*(-932)/16*-2.
233
What are the prime factors of -1*12/15 + 2490760/200?
3, 7, 593
Let j(k)